2 + r - 4. Calculate h(n).
8
Let m(l) = l**3 + 4*l**2. Let v be (-42)/11 + 8/(-44). Calculate m(v).
0
Let g(x) = x - 1. Let h be g(-4). Let m(k) = -k**2 - 7*k + k - 3 + 4 + 0. Give m(h).
6
Let i(l) be the second derivative of 0 - 1/12*l**4 + 2*l**2 + l**3 - 7*l. What is i(5)?
9
Let o(g) = g**2 + 5*g + 3. Suppose 0 = -5*x + 5*b - 5, -3*b + 3 = -2*x + 5. What is o(x)?
3
Let x be 2/15*3*-15. Let q(u) = -u**2 - 5*u + 2. Determine q(x).
-4
Let c(n) = -n**3 + 7*n**2 - 5. Let a be 4/10 - 3*44/(-20). Calculate c(a).
-5
Suppose 0 = -g + 13 - 9. Let y(c) = -8 + 9*c - 9 + 18 - g*c. Determine y(1).
6
Suppose 0 = -3*p - p. Suppose 0 = 3*b + 9, 3*z = b + 3 + 6. Let l(a) = -2*a + 0 + p*a**2 - a**z + 4 + 0*a. Determine l(-3).
1
Let g(m) = -2*m**2 - 110 + 221 - m - 110. Determine g(-2).
-5
Let u(t) = t + 5. Let l be u(-3). Let k(b) = 3 + 2*b - l - 2. Let m(o) = -o - 16. Let j be m(-13). Give k(j).
-7
Suppose -5*z - 2 = 2*r + 2, 7 = r - 2*z. Let j = r + -2. Let d(w) = -5*w**2 + 2*w - 1. Give d(j).
-4
Let n(w) = -w**2 - 9*w - 2. Let s(f) = -f + 9. Let g be s(17). Give n(g).
6
Let a(b) = -2*b**2 - 1. Let o(y) = -1 - 3 - 3*y + 4*y. Let j be o(5). Determine a(j).
-3
Suppose 0 = 4*v + k + 12 + 2, -v + 2*k = 8. Let p(q) = q**3 + 3*q**2 - 2*q + 1. Calculate p(v).
-7
Let o(f) = -3*f**2 - f + 1. Suppose -5 = -4*r - 1. Calculate o(r).
-3
Let k(n) = 2*n + 3. Suppose -3*s + 17 = -4*g - 3, 3*g = 3. Let q = -12 + s. Calculate k(q).
-5
Let i(z) = -z**2 + 3*z + 1. Suppose -4 = -2*n - 0. Determine i(n).
3
Suppose -3*q + 8 + 1 = 0. Let k(a) = a - q - 6*a + 9*a. What is k(3)?
9
Let w(d) be the third derivative of d**6/120 + d**5/10 + d**4/8 - d**3/6 + 17*d**2. Calculate w(-5).
9
Let s be 2 - -4 - (3 - 1). Let f(n) = 0*n**2 - 1 + 5*n**2 - 4*n**2 - 5*n. Give f(s).
-5
Let s = 51 + -24. Suppose 4*q = 2*p - 22, 3*q - 6*p + s = -p. Let o(d) = d**2 + 2*d - 5. What is o(q)?
3
Let m(p) = 4*p**3 + 4*p**2 + 3*p - 2. Let d(i) = 7*i**3 + 8*i**2 + 5*i - 5. Suppose -4*h + 15 = -9*h. Let j = h + 0. Let t(a) = j*d(a) + 5*m(a). Give t(-4).
5
Suppose 12 = -2*w + 10. Let s(d) = 4*d**3 - d**2 + d + 1. Give s(w).
-5
Suppose -2*h - 1 = -5. Let s(r) be the first derivative of 1/2*r**2 - r**3 + 0*r + h. Calculate s(-1).
-4
Let w(b) = -b + 1. Let u(l) = -l**2 - 7*l + 1. Let p(v) = u(v) - 3*w(v). Let s(a) = -a**3 - 3*a**2 - 3*a - 6. Let m be s(-2). Determine p(m).
-2
Let c(h) = 3*h**2 + 3*h. Suppose 5*o + 32 = 2. Let t = -8 - o. Give c(t).
6
Let s(q) = -q. Let l(h) = -h**3 - h**2 + 3*h + 3. Let u be l(-2). Let x be 5*((-8)/(-20))/u. Determine s(x).
-2
Let v(u) be the second derivative of -u**3/6 - 15*u. Calculate v(-6).
6
Let o(u) = u**3 + 4*u**2 - 2*u - 6. Let g be (-3)/(0 + 3)*-2. Suppose 6 = g*l, 0 = 2*k - l - 4*l + 23. What is o(k)?
2
Let t be (-14)/(-4) - 1/(-2). Let q be 3/(-2)*t/(-6). Let n(y) = 32*y**2 + 6*y - 14. Let g(s) = 11*s**2 + 2*s - 5. Let i(b) = -11*g(b) + 4*n(b). Give i(q).
8
Suppose -3*g = g - 12. Suppose 12 = -g*k + 3*w, -6*w = 4*k - 4*w + 4. Let s(p) = 4*p**2 + 3*p + 2. Give s(k).
12
Let b = 1 + 5. Let v(a) = -a + 6. Give v(b).
0
Let j(y) = -3*y**2 + 8*y - 3. Let a(d) = -4*d**2 + 8*d - 4. Let q(i) = -2*a(i) + 3*j(i). What is q(8)?
-1
Let l(q) = -4 + 5 - 2 - q. Let t(a) = -2*a - 5. Let y(b) = -4*l(b) + t(b). Let w(i) = i**3 + 10*i**2 + 9*i - 3. Let p be w(-9). Calculate y(p).
-7
Let y be (-1)/((1/2)/(-1)). Suppose -8 = -5*s + y. Let d(a) be the second derivative of -a**4/6 + 7*a. Give d(s).
-8
Suppose -1 = f - 5. Suppose g + 47 = -3*l - 3*g, -f*g = -4. Let h = l - -12. Let r(o) = -o**3 - 5*o**2 - 2*o - 7. What is r(h)?
3
Let h(q) = q**2 - 7*q + 4. Suppose -60*g + 63*g - 12 = 0. What is h(g)?
-8
Let m(c) = 9*c**2 + 3 + c**3 - 12*c + 12*c. Let l be m(-9). Let d(n) = -n + 0*n + l*n - n. What is d(-2)?
-2
Let i(p) = 0*p**2 - 11 - 7 + 11 - p**2. Calculate i(0).
-7
Suppose -5*x = -13 + 3. Let v be (0/3)/(-1 - x). Let l(r) = 0*r**3 + r**3 + 3 - 2. Calculate l(v).
1
Let i(t) = 0*t - 2*t**3 + 5*t - t**2 - 4 + 3*t**3 - 3*t**2. Calculate i(3).
2
Let n(u) = -2*u**2 + 2*u - 3. Suppose 2 = -6*k + 7*k. Determine n(k).
-7
Suppose 2*p = 4 - 12. Suppose 36 = 5*t - 3*s - 0*s, 0 = t + 3*s. Let u(g) = 0*g - 5*g - t - g + 3*g. Determine u(p).
6
Let r(m) = -m**3 - 3*m**2 + 4*m + 4. Let g be (-65)/(-7) + 6/(-21). Suppose -3*x = -5*y - 14, 4*x - g*y - 17 = -4*y. Suppose x = -2*n - 5. Calculate r(n).
4
Suppose 97 = -4*f + u - 0*u, 43 = -2*f - 5*u. Let p be (8/f)/((-1)/(-3)). Let y(d) = -2*d**3 + d**2 - 1. Determine y(p).
2
Let f(v) = -v**2 + v - 3. Suppose 3 = 6*g - 27. Calculate f(g).
-23
Let q(f) = -f - 2. Let u be q(-3). Let v be ((-6)/(-8))/u*4. Let a(b) be the third derivative of b**5/60 - b**4/24 - b**3/2 - 3*b**2. What is a(v)?
3
Let d(w) = -w - 14. Let a(c) = -c - 14. Let j(k) = -4*a(k) + 3*d(k). Let p be j(-8). Let z(v) = 0*v - 6 - 2*v + 4*v. Calculate z(p).
6
Let n(x) = -x. Let t(p) = 2*p**2 - 2*p - 1. Suppose 3*y - 16 = 20. Suppose 3*f + 9 = 4*o, -f = 2*f - 5*o + y. Let b(z) = f*t(z) - 2*n(z). Determine b(2).
7
Let o(w) = -w**3 - w + 3. Let y be 0/((-2 + 4)/(-1)). Let a be o(y). Let g(c) = -c + 1. Let m(h) = 2*h - 2. Let r(x) = -7*g(x) - 4*m(x). Give r(a).
-2
Let k(f) = -3*f**3 - f**2. Suppose -2*z + 0 = -4*x - 6, 3*z = -3*x - 18. Let d be 1/(x - (0 + -2)). Give k(d).
2
Let q(b) = -3*b + 12*b - 10*b. Determine q(-7).
7
Let b(o) = o**3 + 2*o**2 + o + 4. Let d be b(-2). Let y(q) = 2*q**2 - q + 2. Give y(d).
8
Let i(d) be the first derivative of 4 + 4*d**2 + 7*d - 1/3*d**3. What is i(8)?
7
Let o(p) = -3*p + 5*p - p - 3*p**3 + 1. Let g = 7 + -6. Suppose 4*h = -3 - g. Give o(h).
3
Suppose -3 = -4*y - 3*l + 2*l, -4*l - 30 = -5*y. Suppose -y*g - 1 - 5 = 0. Let p(j) be the third derivative of j**5/60 + j**4/24 + j**2. Calculate p(g).
6
Let a(y) = y**2 + 4*y + 2. Let n(r) be the third derivative of r**5/60 + r**4/6 + 3*r**2. Let s be n(-2). Determine a(s).
2
Let h(k) = -k + 6. Let j be h(3). Let i(n) = -n + 3. What is i(j)?
0
Let w(b) = -17*b - 1. Suppose -5*g = 2 + 3. Let s(r) = r. Let c be s(g). What is w(c)?
16
Let g(s) = s**3 - 5*s**2 + s - 3. Let l be g(5). Suppose 0 = -2*p - 4*b - 4, -4*p - 2*b + 6 = p. Let a(o) = -o**3 + p + 2*o - 2 + 3*o**2 + 1. Calculate a(l).
9
Let c(v) = 3*v - 4. Let a(l) = -7*l + 7. Let t(h) = 2*a(h) + 5*c(h). Calculate t(0).
-6
Let a(o) = 0*o**2 + 3 + 8*o**3 + 2*o**2 - 7*o**3 - 3*o. Give a(-3).
3
Let g(j) = j**3 + 3*j**2 - j + 3. Suppose -8 = -8*l + 10*l. Determine g(l).
-9
Let o(a) = -a**2 + 6*a - 5. Let i be o(4). Let n(w) = i*w - 2 - 2*w + 0*w. Suppose 5*u + p = 7*u - 1, -3*p - 15 = 0. Give n(u).
-4
Let v(k) = -179 + 2*k**2 + k + 179 + k**2. Give v(-1).
2
Let l(y) = 2*y + 4. Let r(x) = -2*x - 33. Let m be r(-20). Calculate l(m).
18
Let i(x) be the second derivative of 3*x**5/20 - 20*x. Let b be (-6)/(-9)*(-3)/(-2). Determine i(b).
3
Let w(s) = -5*s + 2. Let n(b) = 3*b - 1. Let f(a) = -7*n(a) - 4*w(a). Suppose -9*x + 7*x = 2. Let z(o) = 3*o + 4. Let r(d) = x*f(d) - z(d). Calculate r(-3).
3
Let u(c) = c - 17. Let r be u(17). Let i(t) be the third derivative of 1/3*t**3 - 1/24*t**4 + 0*t - 4*t**2 + r. Calculate i(-5).
7
Let x(w) = -2*w + 3*w - 2*w + 1. Calculate x(4).
-3
Let h(x) = 6*x - 1. Suppose 3*q - 16 = -d, 0*d - 3*d - 4*q + 23 = 0. Calculate h(d).
5
Suppose -q - b = q + 2, 3*q - b + 13 = 0. Let l = -1 + q. Let i(s) be the second derivative of -s**3/3 - 2*s**2 + s. Give i(l).
4
Suppose 4*m - 2*w = 12, 4*w = -6 - 2. Let c(k) = -3 - m + 5*k + k**2 + 2. Determine c(-4).
-7
Let r(m) be the first derivative of -m**5/20 + m**4/3 + 5*m**3/6 + 3*m**2 + 4*m + 4. Let i(u) be the first derivative of r(u). Determine i(5).
6
Let b(q) be the third derivative of q**5/60 + q**4/3 + 7*q**3/6 - 21*q**2. Calculate b(-7).
0
Let j(d) = 2 + 4*d - 3 - d**3 - 2*d. Let i = 7 - 5. Calculate j(i).
-5
Let a be 1 - 14 - (5 + 1 + -8). Let k(w) = -w - 14. Determine k(a).
-3
Let u(f) be the second derivative of -f**6/360 - f**5/40 - f**4/6 - f**3/3 - 5*f. Let k(y) be the second derivative of u(y). Determine k(-3).
-4
Let u be (-2 - 1) + 6 + -1. Let m(l) = -2 + 1 + 7 + 5*l - l**3 - 2*l**u - l**2. What is m(-4)?
2
Let v(b) = -3*b**3 - 4*b**2 + 4. Let u(i) = i**3 + i**2 - i - 1. Let f(j) = -4*u(j) - v(j). Let o(d) be the second derivative of f(d). Give o(1).
-6
Let o(f) = -4*f + 7. Let g = -5 - -10. What